 4*w + 336, h*r + 3*w = 168. What is the greatest common divisor of 56 and r?
28
Suppose 4*f - 21*n - 750 = -20*n, 3*f = -4*n + 591. Calculate the highest common factor of 162 and f.
27
Let k(i) = -49*i**3 - 3*i - 2*i**2 - 11 + 10 + 0. Let b be k(-1). Calculate the highest common factor of b and 441.
49
Suppose -6*x + 3*y + 382 = -230, 4*y = -16. What is the highest common divisor of x and 425?
25
Suppose -449*r = -447*r - 5*p - 31, -4*p = -r + 8. What is the greatest common factor of r and 2289?
7
Suppose 246 = -9*q - 879. Let s be ((-484)/(-5))/((-50)/q). Calculate the highest common factor of s and 22.
22
Suppose -660 = 297*x - 173*x - 157*x. Suppose -3*d = -2*p - 22, 5*d = -5*p + 2 - 7. Calculate the greatest common divisor of x and d.
4
Suppose 138 = -b + 5. Let t be (b/(-28) - 1)/(1/12). Calculate the highest common factor of t and 5.
5
Let z be (24 - (-160)/(-10)) + (-453)/(-3). Calculate the greatest common factor of z and 75.
3
Let a(p) = -p + 10. Let r be a(3). Suppose -r*d = -d - 306. Calculate the greatest common factor of d and 561.
51
Suppose -p + 0*p + 3 = 0. Suppose 14 = 9*f - 40. Let l be (-3)/f + (0 - 56/(-16)). What is the greatest common divisor of l and p?
3
Suppose 67*l + 74124 = 280*l. Let k(f) = f**3 - 8*f**2 + 5*f - 11. Let i be k(8). What is the greatest common factor of i and l?
29
Let a be 2 + 27 + 10 + 3. What is the highest common divisor of 651 and a?
21
Let j(i) = 2*i + 3*i**2 - i + 66 - i**3 - 58. Let u be j(4). Let l(y) = -y**2 - 5*y + 1. Let p be l(u). Calculate the greatest common divisor of 1 and p.
1
Let x = -3251 - -3425. What is the highest common divisor of 3306 and x?
174
Suppose -15*y + 10*y = 60. Let z = -9 - y. Suppose -o - z*h - 527 = -5*o, 630 = 5*o + 2*h. What is the greatest common divisor of 32 and o?
32
Let u = -3673 - -3817. Calculate the highest common factor of 27 and u.
9
Let j(d) = -d**3 + 4*d**2 + 5*d - 2. Let y be j(5). Let b = -21 + 22. Let l be y*1 + b + 90/5. Calculate the highest common divisor of l and 17.
17
Let k(f) = 3*f - 17. Let h(c) = -c**2 - 14*c + 12. Let n be h(-14). Let i = n + -2. Let m be k(i). Calculate the greatest common factor of 78 and m.
13
Let a = -198 + 215. Suppose 5*t + 3*q - 1 = 6*t, 0 = -5*t + 4*q + a. Let u = 51 - 26. Calculate the greatest common factor of u and t.
5
Suppose 3*d = -3*j + 481 - 94, 0 = -2*d - 3*j + 255. Calculate the greatest common divisor of 336 and d.
12
Let s be ((-4)/5)/((-10)/150). Suppose 23*b = 20*b - f + 474, -3*b - 4*f + 492 = 0. Calculate the greatest common factor of b and s.
12
Suppose -11 = w - 3*v, 3*v - 40 = -5*w - 5. Suppose -w*c + 58 = 3*f - f, 4*f - 134 = -2*c. What is the highest common divisor of f and 25?
5
Suppose 2*z = d + 4*z - 37, 3*z + 3 = 0. Suppose 4*q + 4*s = 240, q + 0*q = 5*s + 90. Let a = q + -39. Calculate the greatest common divisor of a and d.
13
Let z(n) = 29*n**2 + 3*n + n**3 + 2*n - 7*n**2 + 48 + 9*n. Let v be z(-21). Suppose 3*t + 2*t - 195 = 0. Calculate the highest common factor of v and t.
39
Let o(n) = -n + 31. Let y be o(23). Suppose l - 3 = -y. Let i be 22 + ((-4)/l - (-36)/30). What is the highest common divisor of i and 84?
12
Let r = 4618 + -166. Calculate the highest common factor of 252 and r.
84
Let l(x) be the first derivative of -x**3/3 + x**2 + 6*x - 33. Let j be l(0). Let f be (5 + (-39)/j)*(-40)/6. Calculate the highest common factor of f and 30.
10
Suppose -20*z = -17*z. Suppose -22*r + 23*r - 4 = z. Suppose -r*w + 33 = -w. Calculate the highest common factor of w and 77.
11
Suppose 77*y = -29426 + 102037. Calculate the highest common factor of 46 and y.
23
Suppose g + 0*g = -5*d + 82, 5*g = d + 514. Let s be 16/(-22)*(-550)/100. Let i be (s/14)/(20/2380). Calculate the greatest common factor of i and g.
34
Let l be 1/(3291/(-822) + 4). Let h = l + 604. Suppose 4*f = f + h. What is the greatest common factor of f and 10?
10
Let i be (-5 - -1)*(-3 - 4). Suppose -17*c - 49 = -24*c. Calculate the highest common factor of c and i.
7
Let n(f) = 1296*f**3 + 5*f**2 - 6*f + 1. Let c be n(1). Calculate the greatest common factor of c and 756.
108
Let i be (0 - (7 - 14))/1. Let x be -5 - 76/(3 - i). What is the highest common divisor of x and 22?
2
Let y(d) = 2*d - 53 + 35 + 0*d. Let r be y(10). Suppose -8 = 2*t, 0 = r*x + 4*t - 159 - 33. Calculate the greatest common divisor of x and 13.
13
Suppose 25*z = -36*z - 22*z + 38595. Calculate the highest common divisor of 345 and z.
15
Let x = -2806 - -2998. Suppose n = w + 2, -2*n - w - 4 = w. Suppose n*m = 5*s - 5*m - 65, -m + 83 = 5*s. Calculate the greatest common factor of s and x.
16
Let k be (-4)/(-22) - 20/110. Let c be ((-18)/4 + 4)*k. Suppose c*a - 13 = -a. Calculate the highest common divisor of a and 39.
13
Suppose -18*k = -3*k + 193 - 24988. Calculate the greatest common divisor of k and 361.
19
Let f(u) = u**2 + 181*u - 1488. Let j be f(8). What is the greatest common factor of 4764 and j?
12
Suppose -5*b + 4*r = -9 - 71, 4*b = 3*r + 65. Calculate the highest common divisor of 185 and b.
5
Suppose 2*t = -3*c + 1297 - 1231, -4*c = -4*t - 68. What is the greatest common divisor of c and 950?
10
Let g = 25 - 20. Let a = g + 11. Suppose 0 = -y - 3*d + 137, 5*y + 5*d - 271 = 3*y. Calculate the highest common factor of a and y.
16
Suppose 9*k = -194 + 1580. Let t = 5 + 9. Calculate the highest common divisor of t and k.
14
Let o(k) = 28*k - 106. Let t be o(7). Calculate the highest common divisor of t and 2865.
15
Suppose -38 + 46 = 8*v. Let y be (v + (-6 - -7))/((-5)/(-60)). Let n = -9 + 17. What is the highest common divisor of y and n?
8
Suppose -4*u = -m - 117 - 207, -2*u - 2*m = -152. Let j(p) = 19*p**2 + 2*p - 1. Let t be j(1). What is the greatest common factor of t and u?
20
Let f be (-2)/38 - (-36316)/133. Calculate the greatest common divisor of 329 and f.
7
Let d = 35632 + -35522. What is the greatest common factor of d and 4890?
10
Let t(v) = v**3 + 8*v**2 - 11*v + 5. Let l be t(-9). Let p be 60/30 + (-201)/(-3) + 0. Calculate the greatest common divisor of l and p.
23
Let l = -97 + 101. Let w be 701/l + 6/8. What is the highest common divisor of 11 and w?
11
Let u be (-3)/((-93)/5890) + 16/2. What is the greatest common factor of 15 and u?
3
Let y(a) = a**2 + 0 + 180*a**3 - 1 + 0 + 0. Let x be y(1). Suppose 0 = 2504*p - 2789*p + 8550. What is the greatest common factor of x and p?
30
Let y be 12 - (2 + -2 + -1). Suppose 4*r - 148 = o, 28 = -5*r + 6*r + 2*o. Let f = r + 68. What is the greatest common factor of f and y?
13
Suppose 169 + 3071 = 60*x. What is the greatest common divisor of x and 9684?
18
Suppose 978*n - 962*n - 1840 = 0. What is the highest common divisor of 25 and n?
5
Let x(v) = -2 - 3 - 6 - 81*v + 77*v + 62*v. Let y be x(1). Calculate the highest common factor of y and 1786.
47
Let u(w) = 4*w + w**3 + 12*w + 0*w**3 + 18*w**2 + 1. Let f = 1394 + -1411. Let r be u(f). Calculate the greatest common divisor of r and 72.
18
Let n be (-292)/1314 - 10050/(-27). Calculate the highest common factor of n and 384.
12
Let h(u) = 3*u - 12. Let n = -225 - -232. Let v be h(n). Calculate the highest common divisor of 72 and v.
9
Let c be (1 - -1)*30723/462. Calculate the greatest common factor of 5149 and c.
19
Let v = -67 + 144. Let c = 160 + -94. What is the greatest common factor of v and c?
11
Suppose 3*l + 782 = -49*p + 53*p, 3*l + 382 = 2*p. What is the greatest common divisor of 32 and p?
8
Let h(k) = 5*k**2 - 19*k - 48. Let d be h(-3). Let b = -700 + 295. Let p be (9/(-5))/(9/b). What is the greatest common divisor of p and d?
27
Let w(a) = 26*a + 416. Let j be w(-16). Suppose j = -5*s - 4*f + 161, 3*s = f + 55 + 28. What is the greatest common factor of 232 and s?
29
Let v(t) = -2*t + 52. Let a be v(20). Suppose 0 = -a*z + 1940 + 28. Calculate the highest common factor of 4 and z.
4
Let q(z) = z**3 + 27*z**2 + 27*z + 30. Let o be q(-26). Suppose -5*a + 24 = o. What is the highest common factor of a and 36?
4
Let z = 113 - 99. Suppose z*w - 7*w = 3283. Calculate the highest common divisor of 67 and w.
67
Suppose 4*n = 3*v + 5, 7*n + v - 7 = 4*n. Let i be ((-44)/6 - n/6)*-6. What is the highest common divisor of i and 230?
46
Let a be (-6)/(-5) + 24/30. Suppose -5*c = -2*f - 75, -4*c + a*f + 60 = -0*c. Let o = -62 